 - 231. Determine c(-218).
423
Let w(v) = -v**3 - 102*v**2 - 1020*v + 359. Calculate w(-91).
2088
Let v(d) = 18991*d - 759623. What is v(40)?
17
Let n(q) = -q**3 - 51*q**2 - 340*q + 312. What is n(-43)?
140
Let o(t) = 1719*t + 11992. Give o(-7).
-41
Let u(x) = -3533*x + 1533321. What is u(434)?
-1
Let g(v) = 9*v**2 + 40*v + 114. Determine g(-4).
98
Let p(t) = -t**3 - 19*t**2 + 64*t - 225. Give p(-24).
1119
Let t(x) = -4*x**2 - 696*x + 5447. What is t(-182)?
-377
Let p(s) = -s**3 + 164*s**2 + 1014*s - 30. What is p(-6)?
6
Let n(b) = b**2 + 242*b - 3037. What is n(-254)?
11
Let y(q) = -2710*q - 51475. Determine y(-19).
15
Let g(k) = -170*k**3 + 16*k**2 - 19*k - 5. Determine g(2).
-1339
Let w(m) = 2*m**2 + 1261*m - 224902. What is w(145)?
-7
Let b(g) = -2*g**2 - 251*g + 13738. Determine b(-167).
-123
Let c(t) = 18*t**3 - 65*t**2 - 41*t + 4. Determine c(-1).
-38
Let o(l) = -99*l**2 + 48*l + 168. Determine o(-3).
-867
Let u(w) = -w**3 + 23*w**2 + 158*w - 929. Calculate u(27).
421
Let h(z) = -295*z - 4237. Determine h(-14).
-107
Let t(f) = f**2 - 3948*f - 938914. Give t(-225).
11
Let l(q) = q**3 - 44*q**2 + 606*q + 6682. Determine l(-7).
-59
Let b(h) = -h**3 + 106*h**2 - 2629*h + 14. Calculate b(66).
740
Let f(i) = 551*i + 6592. Determine f(-13).
-571
Let p(w) = -584*w - 200889. Give p(-344).
7
Let p(a) = -3*a**3 - 571*a**2 + 386*a + 228. What is p(-191)?
-536
Let d(m) = -2972*m - 50594. What is d(-17)?
-70
Let w(c) = c**3 - 968*c**2 - 15738*c + 44. Give w(-16).
-52
Let b(d) = d**3 + 113*d**2 + 1033*d + 17. Determine b(-10).
-13
Let t(p) = p**3 - 58*p**2 - 7366*p + 404448. Give t(53).
5
Let x(s) = -81306*s - 2764415. Calculate x(-34).
-11
Let r(j) = -307867*j + 2462762. Calculate r(8).
-174
Let g(d) = d**3 + 149*d**2 - 2614*d + 4273. Give g(-165).
-17
Let i(z) = -82*z - 1849. Give i(-33).
857
Let r(l) = -1996*l + 7084. Determine r(4).
-900
Let u(j) = 15*j**2 + 644*j + 5798. Give u(-13).
-39
Let w(j) = -1955*j - 25307. Calculate w(-13).
108
Let m(x) = -20*x**3 - 91*x**2 - 139*x - 118. Give m(-3).
20
Let d(n) = -821*n + 198286. Give d(239).
2067
Let q(m) = -1056*m + 1573. Determine q(2).
-539
Let t(n) = 104*n - 4307. Determine t(32).
-979
Let r(g) = 1934*g**2 - 46404*g - 288. What is r(24)?
0
Let h(g) = 4*g**3 - 343*g**2 - 55*g - 2700. Determine h(86).
-34
Let i(y) = 1366*y**2 + 47810*y + 79. Calculate i(-35).
79
Let b(p) = p**2 - 11017*p - 220828. Calculate b(-20).
-88
Let l(q) = 1725*q**3 - q**2 - 6*q - 7. Give l(-1).
-1727
Let u(q) = -14*q**2 - 104*q + 512. What is u(5)?
-358
Let q(f) = 2*f**3 - 529*f**2 + 11324*f + 798. What is q(241)?
75
Let f(y) = -343*y + 9751. Give f(28).
147
Let h(c) = c**2 - 169*c - 114. What is h(9)?
-1554
Let y(v) = -1329*v + 8393. Determine y(6).
419
Let l(s) = -s**3 - 85*s**2 - 1329*s + 11844. Determine l(-32).
100
Let h(t) = -2*t**2 - 67*t - 305. Determine h(-21).
220
Let c(i) = -i**3 + i**2 + 141*i + 6. Calculate c(-11).
-93
Let o(k) = -4*k**2 - 200*k + 4287. Determine o(-67).
-269
Let l(c) = -5435*c - 875069. What is l(-161)?
-34
Let i(o) = -6*o**2 - 2153*o + 52701. What is i(23)?
8
Let k(u) = -u**2 - 744*u - 66032. Give k(-641).
-9
Let z(t) = -t**2 + 187*t + 33911. Calculate z(-113).
11
Let r(o) = 8378*o**2 + 929956*o - 217. Determine r(-111).
5
Let a(j) = -5350*j - 449369. What is a(-84)?
31
Let w(v) = 145*v + 10139. Calculate w(-69).
134
Let n(u) = -16*u**3 + 2865*u**2 - 155*u - 4302. Give n(179).
-6
Let s(l) = 34721*l + 39894434. What is s(-1149)?
5
Let u(w) = 89*w - 3211. Determine u(0).
-3211
Let l(b) = -2*b**2 + 735530*b + 5148773. What is l(-7)?
-35
Let d(i) = 157465*i - 157460. What is d(1)?
5
Let x(u) = -2*u**3 - 173*u**2 - 1678*u - 38943. Determine x(-79).
4
Let c(q) = -12*q**3 + 4*q**2 + 210*q + 1232. Determine c(-6).
2708
Let i(k) = 51*k**2 + 837*k - 1671. Give i(2).
207
Let c(k) = 189*k + 1417. Determine c(-7).
94
Let a(x) = -40*x**2 - 17781*x + 89871. Calculate a(5).
-34
Let r(h) = -10*h**2 + 560*h + 8947. Calculate r(-13).
-23
Let k(b) = 644*b - 446323. Give k(693).
-31
Let w(p) = 843*p + 240793. Give w(-286).
-305
Let k(y) = -2*y**3 + 118*y**2 - 208*y - 324. Give k(57).
816
Let o(t) = -6*t**2 - 8780*t - 13. Determine o(0).
-13
Let r(i) = i**3 + 870*i**2 + 1987*i + 505. What is r(-2)?
3
Let c(l) = -2*l**3 + 34*l**2 - 30*l - 23. What is c(11)?
1099
Let f(h) = h**2 + 6871*h + 1983850. Give f(-302).
12
Let c(d) = 2*d**2 - 20705*d - 602114. Determine c(-29).
13
Let o(b) = 810*b - 7454. What is o(10)?
646
Let o(w) = 39*w**2 - 58854*w - 231501. Calculate o(1513).
-12
Let c(d) = 9*d**3 + 14*d**2 + 99*d - 14. What is c(7)?
4452
Let h(f) = f**3 + 42*f**2 + 338*f + 26. What is h(-10)?
-154
Let c(s) = -4668*s + 135400. Determine c(29).
28
Let w(i) = 332743*i - 1663803. What is w(5)?
-88
Let g(i) = -4558*i + 1750260. Give g(384).
-12
Let h(d) = -261*d - 1561. Determine h(-6).
5
Let x(l) = -1049*l - 296915. What is x(-283)?
-48
Let w(n) = -21*n**2 + 354*n - 1065. What is w(9)?
420
Let o(i) = -1297*i + 2557682. Give o(1972).
-2
Let o(l) = -l**3 + 70*l**2 + 87*l + 1341. Calculate o(71).
2477
Let w(o) = -3*o**3 - 551*o**2 + 721*o - 3141. What is w(-185)?
374
Let y(h) = -5*h**3 + 1756*h**2 - 363*h + 3191. Give y(351).
-1021
Let s(c) = 3*c**3 - 635*c**2 + 3143*c - 8. Calculate s(5).
207
Let u(c) = 4*c**3 - 246*c**2 - 383*c + 255. Give u(63).
-60
Let z(a) = 2*a**2 + 692*a - 271760. Calculate z(234).
-320
Let u(d) = -116*d**3 + 12*d**2 + 15*d - 187. Give u(3).
-3166
Let z(p) = -5*p**2 - 12*p - 165. Determine z(-5).
-230
Let i(v) = -v**3 + 75*v**2 + 49*v + 1623. What is i(76)?
-429
Let h(s) = -s**3 + 26*s**2 - 57*s - 12. Give h(5).
228
Let m(t) = 37897*t - 189499. Give m(5).
-14
Let x(c) = -441*c**2 - 4427*c + 33. What is x(-10)?
203
Let a(m) = 585758*m - 4686123. Determine a(8).
-59
Let a(p) = 3*p**2 - 2869*p - 97950. Determine a(-33).
-6
Let t(k) = -k**3 - 7*k**2 + 352*k + 492. Calculate t(-22).
8
Let o(c) = -610*c - 4376. Determine o(-8).
504
Let k(s) = 3*s**3 - 80*s**2 + 112*s + 46. Calculate k(25).
-279
Let r(j) = -j**2 + 2073*j + 499439. Give r(-218).
1
Let v(f) = -3*f**3 + 308*f**2 + 104*f - 69. Calculate v(103).
34
Let i(k) = -k**3 + 50*k**2 + 1864*k - 90367. Calculate i(53).
-2
Let i(n) = 1916*n - 662929. Give i(346).
7
Let r(u) = 3*u**2 + 182*u + 451. What is r(-58)?
-13
Let a(s) = 192*s**2 + 254*s - 801. Determine a(3).
1689
Let p(t) = -3*t**2 - 249*t + 5121. What is p(-100)?
21
Let r(o) = -2*o**3 + 28*o**2 - o + 43. Give r(10).
833
Let v(q) = -120252*q - 8177089. What is v(-68)?
47
Let l(u) = -5357*u - 407125. Calculate l(-76).
7
Let o(c) = -1037*c - 30071. What is o(-29)?
2
Let n(q) = q**3 + 33*q**2 - 154*q - 5925. What is n(-32)?
27
Let u(y) = 53367*y + 213473. Determine u(-4).
5
Let o(r) = 3*r**3 + 994*r**2 - 2664*r + 2679. What is o(-334)?
7
Let y(f) = -5*f**2 + 1491*f + 82698. Determine y(346).
4
Let r(w) = 22253*w - 111191. What is r(5)?
74
Let s(t) = 3*t**3 - 1250*t**2 + 8179*t + 8617. Calculate s(410).
7
Let t(b) = 82*b - 4376. What is t(56)?
216
Let i(v) = -v**3 + 4*v**2 + 237*v - 1718. Calculate i(11).
42
Let n(r) = -3*r**3 + 190*r**2 + 1167*r + 18. Give n(69).
-396
Let s(n) = -4777*n + 181581. Give s(38).
55
Let i(v) = -v**2 - 14493*v + 3781. What is i(0)?
3781
Let f(i) = -i**2 + 742*i + 116367. What is f(-133)?
-8
Let w(d) = 1434*d**2 - 5750*d - 16. Calculate w(4).
-72
Let d(n) = -635*n**2 - 26128*n - 3828. Calculate d(-41).
-15
Let w(m) = -158781*m - 952648. Determine w(-6).
38
Let h(v) = v**3 - 22*v**2 + 122*v - 7. What is h(10)?
13
Let m(p) = -p**3 - 15*p**2 - 27*p + 150. Give m(-10).
-80
Let y(i) = i**2 + 141*i + 3921. Give y(-103).
7
Let l(m) = 53521*m - 695768. Give l(13).
5
Let t(w) = -33066*w + 66137. Calculate t(2).
5
Let w(g) = -g**3 - 439*g**2 + 384123*g - 2632. Determine w(-877).
-1
Let s(k) = -2*k**3 + k**2 + 299*k + 665. Calculate s(-11).
159
Let k(c) = 2*c**3 - 12*c**2 + 642*c - 6190. Calculate k(9).
74
Let w(r) = 3780*r + 102068. Determine w(-27).
8
Let t(w) = 243*w**2 + 56152*w + 4375. Calculate t(-231).
-14
Let x(v) = 8*v**2 - 124*v + 246. Give x(2).
30
Let g(r) = 42*r**3 - 3*r**2 + 816*r - 2421. Calculate g(3).
1134
Let a(s) = -s**2 + 2780*s + 109950. Determine a(-39).
9
Let l(b) = 6262*b - 619944. Give l(99).
-6
Let p(o) = -o**3 - 139*o**2 - 2281*o - 227. What is p(-120)?
-1